
-116
Let m(v) = v**3 - 10*v**2 + 8*v - 15. What is m(7)?
-106
Let u(g) = 4*g**2 + 14*g + 19. Calculate u(-5).
49
Let c(g) = 13*g + 437. Give c(-33).
8
Let k(d) = d**3 - 14*d**2 + 14*d - 21. Determine k(13).
-8
Let w(r) = r**3 + 6*r**2 - 6*r. What is w(-7)?
-7
Let n(l) = -l**3 - 7*l**2 - 2*l + 8. Determine n(-6).
-16
Let a(u) = 2*u**2 + u - 17. What is a(-8)?
103
Let f(v) = 28*v - 159. What is f(6)?
9
Let t(v) = -v**3 - 16*v**2 + v + 19. Determine t(-16).
3
Let j(t) = -36*t + 307. Determine j(9).
-17
Let a(o) = o**3 - 10*o**2 - 11*o - 4. Calculate a(10).
-114
Let j(h) = h + 1. Determine j(4).
5
Let n(k) = k**3 + 14*k**2 - 16*k - 13. What is n(-15)?
2
Let n(o) = 6*o - 1. Determine n(6).
35
Let c(h) = h**2 + 9*h + 6. Calculate c(-7).
-8
Let j(l) = l + 8. Determine j(-6).
2
Let s(f) = -f**3 - 5*f**2 + 5*f - 9. Determine s(-6).
-3
Let g(b) = b**2 + 4*b - 58. Give g(-9).
-13
Let o(g) = -21*g - 158. Calculate o(-8).
10
Let g(k) = -k**3 + 3*k**2 + 3*k + 2. What is g(3)?
11
Let i(b) = 5*b - 18. Determine i(3).
-3
Let g(n) = n**3 + 12*n**2 + 22*n + 31. Determine g(-10).
11
Let w(b) = -6*b - 15. What is w(5)?
-45
Let k(u) = -u**3 - 7*u**2 + u + 9. Give k(-7).
2
Let s(p) = -52*p - 263. Determine s(-5).
-3
Let c(f) = 8*f**2 - 5*f - 3. Give c(2).
19
Let h(g) = 10*g + 390. What is h(-38)?
10
Let x(l) = -l - 3. What is x(-7)?
4
Let s(k) = -k**3 - 15*k**2 + 17*k + 8. Calculate s(-16).
-8
Let s(c) = 6*c + 113. Give s(-20).
-7
Let i(y) = -22*y + 503. What is i(23)?
-3
Let s(o) = o**2 + 19*o + 40. What is s(-16)?
-8
Let t(m) = -6*m**3 + 2*m + 2. Determine t(-1).
6
Let k(s) = 2*s - 8. Determine k(5).
2
Let s(m) = m**2 + 8*m + 10. Give s(-4).
-6
Let c(y) = y**2 - 8*y - 8. What is c(10)?
12
Let c(p) = -p**3 + 21*p**2 + 22*p + 27. What is c(22)?
27
Let v(t) = -t**2 - 4*t + 24. What is v(-7)?
3
Let b(m) = m**3 + 8*m**2 + 6*m - 6. Determine b(-7).
1
Let w(l) = -4*l**2. Determine w(-1).
-4
Let r(d) = 2*d**2 - 2*d - 7. Give r(4).
17
Let z(f) = f**2 - 4*f + 2. Give z(5).
7
Let m(o) = -27*o**3 - 2*o + 1. Calculate m(1).
-28
Let q(l) = -8*l - 12. Determine q(-2).
4
Let j(m) = m**3 + 4*m + 1. Give j(3).
40
Let v(a) = 6*a - 3. Give v(1).
3
Let h(s) = -8*s - 7. Determine h(-6).
41
Let w(a) = 2*a**2 - 3*a - 73. What is w(-5)?
-8
Let c(m) = -m**2 - 3*m - 7. Calculate c(-5).
-17
Let i(q) = -q**3 + 13*q**2 + 2*q + 30. What is i(13)?
56
Let m(o) = -o**3 + 8*o**2 - 7*o - 15. Calculate m(7).
-15
Let w(v) = -12*v - 318. What is w(-26)?
-6
Let a(q) = q**2 - 8*q + 19. Determine a(8).
19
Let o(h) = -h**3 - 2*h**2 - 4*h - 1. Determine o(-3).
20
Let p(q) = -q**3 - 9*q**2 + 27*q + 26. Calculate p(-11).
-29
Let k(i) = i - 65. Give k(30).
-35
Let b(g) = -g**3 - 17*g**2 + 19*g + 19. Calculate b(-18).
1
Let n(f) = f**3 + 4*f**2 - f - 27. Give n(-4).
-23
Let y(s) = -2*s**2 - 11*s + 39. Give y(-10).
-51
Let k(c) = c**3 + 8*c**2 + 6*c + 3. Calculate k(-7).
10
Let h(s) = 6*s**2 + 83*s - 14. Determine h(-14).
0
Let h(q) = -8*q + 9. Determine h(6).
-39
Let k(l) = -2*l**2 - 12*l - 10. Give k(-8).
-42
Let p(g) = -g**2 + 10*g - 2. Calculate p(9).
7
Let i(h) = 11*h**3 - h**2 + 4. Determine i(-2).
-88
Let k(z) = -z**2 - 6*z - 10. Give k(-6).
-10
Let u(s) = 5*s + 1. Calculate u(7).
36
Let c(t) = -4*t**2 - 3*t + 39. What is c(3)?
-6
Let g(c) = c - 9. Give g(-10).
-19
Let u(f) = 2*f + 6. What is u(4)?
14
Let i(x) = -x**2 + 20*x - 75. What is i(5)?
0
Let v(u) = u**2 - 6*u - 86. Calculate v(13).
5
Let q(t) = 5*t + 22. Give q(-7).
-13
Let f(l) = -10*l**2 + 2*l + 1. Calculate f(-2).
-43
Let w(p) = -17*p**3 + p**2 - p + 1. What is w(1)?
-16
Let k(m) = 40*m - 360. What is k(9)?
0
Let u(y) = -15*y + 34. Calculate u(2).
4
Let b(p) = -p**2 - 14*p - 16. Calculate b(-13).
-3
Let g(w) = 2*w**3 + 2*w**2 - 2*w + 1. Give g(2).
21
Let i(y) = 3*y**2 - 10*y + 24. Give i(7).
101
Let s(r) = r**3 + 7*r**2 + 4. What is s(-7)?
4
Let t(l) = -l**2 + 18*l + 11. What is t(19)?
-8
Let c(t) = -t - 21. What is c(-16)?
-5
Let u(q) = -q**3 + q**2 + 4*q - 44. Determine u(0).
-44
Let l(t) = 2*t + 3. Determine l(-5).
-7
Let t(f) = f**3 - 2*f**2 + 3*f - 7. Give t(-3).
-61
Let y(q) = -4*q + 165. Give y(32).
37
Let k(q) = -q**2 + 6*q + 59. Determine k(11).
4
Let c(b) = -b**3 - 8*b**2 - 9*b - 6. Calculate c(-7).
8
Let t(g) = g**3 + 10*g**2 - 3*g - 1. Determine t(-10).
29
Let x(l) = 2*l + 17. Calculate x(2).
21
Let s(w) = -2*w**3 + 2*w**2 + 19. Give s(4).
-77
Let r(y) = 4*y**2 + 19*y + 32. Calculate r(-5).
37
Let a(h) = -h - 56. Calculate a(-11).
-45
Let z(f) = 3*f + 30. Calculate z(-9).
3
Let g(d) = -25*d - 371. Give g(-15).
4
Let x(t) = -6*t + 4. What is x(3)?
-14
Let o(b) = b**3 - 3*b**2 - 14*b + 13. Determine o(4).
-27
Let a(v) = 33*v - 1054. Give a(32).
2
Let g(i) = -i**3 + 6*i**2 + 5*i + 6. Give g(7).
-8
Let t(u) = u**2. What is t(5)?
25
Let u(b) = 6*b - 197. Calculate u(32).
-5
Let k(j) = 4*j**2 + 5*j - 6. Calculate k(-6).
108
Let o(p) = -5*p. Calculate o(1).
-5
Let u(s) = -s**3 + 17*s**2 - 2*s - 23. Calculate u(17).
-57
Let n(x) = 7*x - 9. Calculate n(7).
40
Let c(r) = -r**3 - 10*r**2 - 8*r + 6. Determine c(-9).
-3
Let m(s) = 3*s**2 + s - 7. Determine m(3).
23
Let p(o) = o**3 - 8*o**2 + 8*o - 3. Determine p(7).
4
Let s(l) = -l**2 + 18*l - 1. What is s(13)?
64
Let a(x) = 3*x**2 - 3*x + 4. Give a(3).
22
Let h(y) = -y**3 + 4*y**2 + 8*y - 17. Give h(4).
15
Let o(u) = -12*u + 23. Determine o(3).
-13
Let d(i) = 2*i**3 + 4*i**2 + 3*i - 2. Give d(-2).
-8
Let b(k) = k - 31. Determine b(17).
-14
Let w(t) = t**3 - 3*t**2 - 18*t + 2. What is w(0)?
2
Let q(d) = 4*d - 9. Determine q(8).
23
Let h(o) = 4*o**2 - 11*o - 3. Give h(4).
17
Let g(f) = -2*f**3 - 43*f**2 - 60*f - 3. What is g(-20)?
-3
Let x(k) = -2*k + 12. What is x(10)?
-8
Let t(g) = 2*g**2 + 15*g - 15. Determine t(-11).
62
Let c(d) = -26*d + 6. Calculate c(2).
-46
Let i(q) = q**3 + 12*q**2 + 2*q + 16. Determine i(-12).
-8
Let c(b) = -6*b + 36. Determine c(13).
-42
Let f(z) = 24*z - 15. Give f(2).
33
Let n(x) = -x**3 - 8*x**2 + 8*x - 14. Calculate n(-9).
-5
Let k(y) = 12*y + 196. What is k(-17)?
-8
Let p(r) = -r**3 + 8*r**2 - 8*r + 16. Calculate p(7).
9
Let b(g) = -g**3 + 18*g**2 + 18*g + 31. What is b(19)?
12
Let k(d) = d**3 + 5*d**2 - d + 2. Give k(-4).
22
Let t(z) = 22*z - 221. What is t(10)?
-1
Let c(f) = 2*f - 47. Determine c(19).
-9
Let z(i) = -168*i - 500. Give z(-3).
4
Let w(v) = -12*v**2 - v + 1. Give w(2).
-49
Let c(a) = a**2 + 12*a - 4. What is c(-12)?
-4
Let k(i) = -i**3 - 12*i**2 - 8*i + 5. What is k(-11)?
-28
Let i(l) = -69*l - 31. Calculate i(-2).
107
Let g(u) = 3*u**2 + 4*u + 2. Give g(-3).
17
Let n(d) = 2*d + 10. Give n(-4).
2
Let m(p) = -2*p + 45. Determine m(9).
27
Let f(h) = -3*h**3 + 9*h**2 - 4*h - 5. Determine f(4).
-69
Let m(x) = -x**2 - 16*x + 89. What is m(4)?
9
Let g(o) = -3*o - 1. What is g(4)?
-13
Let x(l) = 12*l - 2. What is x(-2)?
-26
Let t(b) = -b**2 + 11*b + 1. Calculate t(5).
31
Let i(o) = o**3 + 13*o**2 - 3*o - 16. What is i(-13)?
23
Let u(l) = -7*l. Give u(6).
-42
Let l(q) = 2*q**2 - 10*q + 8. What is l(5)?
8
Let l(u) = -4*u**3 - u**2 - 6*u - 2. What is l(2)?
-50
Let l(k) = k**2 - 16*k - 42. Give l(18).
-6
Let t(r) = -r + 29. Calculate t(32).
-3
Let n(d) = d**3 + 6*d**2 + 2*d + 14. Give n(-6).
2
Let r(w) = w + 7. What is r(-7)?
0
Let k(h) = -3*h**3 - 2*h**2 - 1. Calculate k(-2).
15
Let c(g) = g**2 - 9*g + 36. Give c(13).
88
Let o(g) = -g - 2. What is o(-8)?
6
Let j(z) = -3*z**2 + 9*z + 10. Give j(7).
-74
Let l(p) = 16*p + 245. Determine l(-16).
-11
Let t(r) = -49*r + 149. Calculate t(3).
2
Let k(z) = z**2 + 2*z - 2. Determine k(0).
-2
Let b(g) = -6*g - 2. Calculate b(-1).
4
Let m(g) = g**3 - 4*g**2 - 6*g. Determine m(3).
-27
Let y(a) = a**2 - 15*a - 13. Calculate y(16).
3
Let f(j) = -j**3 - 8*j**2 - 7*j - 2. Determine f(-7).
-2
Let c(m) = 42*m - 1048. Calculate c(25).
2
Let l(f) = f**3 - 6*f**2 - 17*f - 12. Calculate l(8).
-20
Let d(h) = -4*h - 10. Give d(-7).
18
Let p(d) = -2*d**2 + 13*d + 105. Give p(11).
6
Let b(f) = f**3 - 4*f**2 - 4*f + 2. Calculate b(5).
7
Let n(o) = -o**2 + 3*o - 4. Determine n(4).
-8
Let v(q) = q**3 - 13*q**2 - q + 2. Determine v(13).
-11
Let g(i) = i**2 - 12*i - 2. What is g(13)?
11
Let x(k) = k**3 - 5*k**2 - 6*k - 7. Calculate x(6).
-7
Let s(y) = -y**2 + 21*y - 87. What is s(8)?
17
Let c(t) = -t**3 - 13*t**2 - 7*t - 24. Calculat